Is 34 a factor of 747792022?
True
Does 171 divide 598147086?
False
Is 174233908 a multiple of 2?
True
Is 73705255 a multiple of 103?
True
Does 12 divide 1035044604?
True
Is 89156433 a multiple of 166?
False
Does 4 divide 4113014?
False
Does 42 divide 8597878?
False
Is 112 a factor of 24932093?
False
Is 14 a factor of 2410967641?
False
Is 104812228 a multiple of 378?
False
Does 7572 divide 588601848?
True
Does 44 divide 12324629?
False
Is 1939008330 a multiple of 42?
True
Is 104 a factor of 407891637?
False
Does 4 divide 150280811?
False
Does 77 divide 54927105?
False
Does 221 divide 267355762?
False
Is 625420508 a multiple of 3790?
False
Is 24719532 a multiple of 1520?
False
Does 3 divide 22292538?
True
Is 8080372 a multiple of 186?
False
Is 124176643 a multiple of 6?
False
Does 9 divide 10230811?
False
Is 5 a factor of 1614992?
False
Is 17 a factor of 436969972?
True
Is 484 a factor of 441158634?
False
Is 376 a factor of 169334869?
False
Is 187102200 a multiple of 15?
True
Is 719972668 a multiple of 12?
False
Is 1044 a factor of 184501944?
True
Is 42817124 a multiple of 1382?
True
Does 37 divide 1837111642?
True
Is 84590978 a multiple of 1808?
False
Is 29616023 a multiple of 77?
False
Is 6296259 a multiple of 586?
False
Is 177 a factor of 27861570?
True
Does 32 divide 2037280?
True
Is 103 a factor of 514541369?
False
Is 139 a factor of 126550326?
True
Is 100551646 a multiple of 20?
False
Is 530391918 a multiple of 2144?
False
Is 116 a factor of 112724740?
True
Is 226 a factor of 163668694?
False
Is 632882879 a multiple of 1187?
False
Does 10 divide 34206210?
True
Is 194 a factor of 29423592?
True
Is 561459087 a multiple of 188?
False
Is 1915 a factor of 418796553?
False
Is 2 a factor of 1451245?
False
Is 4 a factor of 15436596?
True
Does 23 divide 231132842?
True
Is 16 a factor of 13767602?
False
Does 179 divide 12782748?
True
Is 8461616 a multiple of 3529?
False
Is 1628 a factor of 42311049?
False
Is 224604652 a multiple of 116?
True
Is 3 a factor of 231971049?
True
Does 62 divide 40438109?
False
Does 3005 divide 158645970?
True
Is 1064 a factor of 95351424?
True
Does 35 divide 166267021?
False
Is 24288729 a multiple of 696?
False
Is 75 a factor of 16072350?
True
Is 216 a factor of 13868589?
False
Is 26339263 a multiple of 137?
False
Does 236 divide 21099816?
True
Is 108 a factor of 400894282?
False
Does 644 divide 45620899?
False
Is 48 a factor of 2758168272?
True
Is 23493046 a multiple of 683?
False
Is 4883 a factor of 160157517?
True
Does 68 divide 1711163356?
True
Is 903130834 a multiple of 230?
False
Is 130 a factor of 205140000?
True
Is 2605038 a multiple of 759?
False
Is 617 a factor of 545372101?
False
Does 765 divide 59455035?
True
Does 25 divide 19229697?
False
Does 27 divide 35819?
False
Does 25 divide 22160825?
True
Is 10775 a factor of 4141857386?
False
Does 401 divide 11845540?
True
Is 87 a factor of 33432708?
True
Is 225 a factor of 16884900?
True
Does 230 divide 10859450?
True
Does 3705 divide 455885430?
True
Is 6867960 a multiple of 66?
True
Does 61 divide 226714674?
True
Is 60859772 a multiple of 101?
True
Does 71 divide 2214987?
True
Does 19 divide 151157117?
False
Is 14 a factor of 17119438?
True
Does 13 divide 3329091431?
False
Is 80 a factor of 298629879?
False
Does 127 divide 268996181?
False
Is 43 a factor of 745251567?
False
Is 7 a factor of 615299646?
False
Is 37 a factor of 77418898?
False
Is 3827623860 a multiple of 12?
True
Does 1626 divide 151221252?
True
Does 5790 divide 1599013695?
False
Is 86 a factor of 21162450?
True
Is 599 a factor of 64402683?
True
Is 1882511675 a multiple of 34?
False
Is 19 a factor of 2141243?
True
Does 1026 divide 15527573?
False
Is 454237981 a multiple of 253?
False
Does 8 divide 178190248?
True
Is 1590229937 a multiple of 8?
False
Is 4 a factor of 1573808?
True
Is 3322684736 a multiple of 28?
True
Is 6472347 a multiple of 65?
False
Is 2248 a factor of 346151301?
False
Is 58 a factor of 52626532?
True
Is 725973214 a multiple of 800?
False
Is 136 a factor of 74041660?
False
Is 22 a factor of 830500?
True
Does 234 divide 17348314?
False
Does 8 divide 347702068?
False
Does 26 divide 3991540281?
False
Is 194 a factor of 1193683552?
True
Is 33 a factor of 704933988?
True
Is 23730073 a multiple of 417?
False
Is 28 a factor of 4776406?
False
Is 33 a factor of 147384435?
True
Is 188031472 a multiple of 16?
True
Is 2 a factor of 17098414?
True
Does 105 divide 47295698?
False
Is 5 a factor of 138610026?
False
Is 1954 a factor of 2734232200?
True
Is 279 a factor of 55528699?
False
Is 9 a factor of 16016328?
True
Is 1235757404 a multiple of 17?
True
Does 8 divide 17883294?
False
Is 1469671685 a multiple of 435?
False
Does 2450 divide 2859857490?
False
Does 203 divide 390746783?
True
Is 84251332 a multiple of 121?
True
Is 491039 a multiple of 35?
False
Is 123914197 a multiple of 169?
False
Is 927566853 a multiple of 751?
False
Is 16127794 a multiple of 653?
True
Is 16674200 a multiple of 584?
False
Is 858 a factor of 22389793?
False
Does 542 divide 255116641?
False
Does 7 divide 257554535?
True
Is 102 a factor of 87842222?
False
Is 18 a factor of 414127116?
True
Is 78 a factor of 264719436?
False
Is 2 a factor of 7594480?
True
Is 7 a factor of 1185965243?
False
Is 220 a factor of 29279360?
True
Is 27 a factor of 64547104?
False
Does 21 divide 1582539?
True
Is 2 a factor of 50407813?
False
Does 1454 divide 10986424?
True
Is 292 a factor of 7961380?
True
Does 26 divide 8505484?
True
Is 1048768356 a multiple of 2049?
True
Does 5 divide 16953945?
True
Is 176297391 a multiple of 2983?
False
Is 353 a factor of 1729105891?
False
Does 839 divide 3420036675?
True
Does 31 divide 3818211937?
True
Is 86 a factor of 97771680?
True
Is 16 a factor of 216329216?
True
Does 106 divide 127229588?
False
Is 9036037 a multiple of 189?
False
Is 386223772 a multiple of 579?
False
Does 16 divide 34519813?
False
Is 911 a factor of 253408315?
True
Is 3190 a factor of 34305260?
True
Is 84690600 a multiple of 1311?
True
Is 871406370 a multiple of 15?
True
Does 12 divide 39669384?
True
Does 32 divide 364677696?
True
Is 4 a factor of 5863698?
False
Is 1840846453 a multiple of 5167?
False
Is 27 a factor of 1207284065?
False
Is 253174982 a multiple of 578?
True
Is 45 a factor of 46715220?
True
Is 29 a factor of 34469714?
False
Is 15832532 a multiple of 4?
True
Is 5697804 a multiple of 3?
True
Is 112 a factor of 116122496?
True
Is 88737909 a multiple of 138?
False
Is 510 a factor of 154841610?
True
Does 116 divide 183608032?
False
Does 4 divide 436695725?
False
Is 4144859248 a multiple of 13?
False
Is 1351980366 a multiple of 5111?
False
Is 592 a factor of 19546135?
False
Is 1629413214 a multiple of 6?
True
Does 624 divide 23323825?
False
Does 1775 divide 154570083?
False
Does 1795 divide 6852398?
False
Does 21 divide 3514266?
True
Is 355 a factor of 43163030?
True
Does 5 divide 18880065?
True
Does 11 divide 2874162282?
False
Is 1337 a factor of 48508782?
False
Does 14 divide 4406175?
False
Does 425 divide 3487975?
True
Does 72 divide 5014491?
False
Is 1601585 a multiple of 3?
False
Does 35 divide 10622500?
True
Is 4 a factor of 46201237?
False
Is 9524210 a multiple of 1107?
False
Is 15164977 a multiple of 194?
False
Is 223788813 a multiple of 23?
False
Does 882 divide 220880142?
True
Does 26 divide 28591138?
False
Is 42819964 a multiple of 42?
False
Is 19586767 a multiple of 764?
False
Is 110374320 a multiple of 30?
True
Does 75 divide 3711591517?
False
Is 10 a factor of 97325850?
True
Does 2725 divide 327125350?
True
Does 131 divide 48365331?
True
Does 82 divide 15861792?
False
Does 52 divide 560158090?
False
Is 125288761 a multiple of 8?
False
Is 271490226 a multiple of 1377?
False
Is 2685 a factor of 82462550?
False
Does 2640 divide 3884706?
False
Does 345 divide 464826744?
False
Is 23127193 a multiple of 74?
False
Is 42488622 a multiple of 18?
True
Is 1002360286 a multiple of 37?
False
Does 5584 divide 1134478295?
False
Is 202979995 a multiple of 43?
True
Is 26 a factor of 23101609?
False
Does 10 divide 520245030?
True
Is 521 a factor of 16433903?
True
Does 1424 divide 66218383?
False
Is 26 a factor of 21334950?
True
Does 110 divide 1693766816?
False
Is 61 a factor of 70263887?
True
Does 64 divide 28508032?
True
Does 168